{"id":60,"date":"2020-08-04T21:21:05","date_gmt":"2020-08-04T20:21:05","guid":{"rendered":"https:\/\/69932home.wordpress.com\/?page_id=60"},"modified":"2020-08-04T21:21:05","modified_gmt":"2020-08-04T20:21:05","slug":"rules","status":"publish","type":"page","link":"https:\/\/dreamy-realms-kaborry.fr\/dreamyrealms\/rules\/","title":{"rendered":"Rules"},"content":{"rendered":"\n<h2 class=\"wp-block-heading\" style=\"font-size:31px\">My Art<\/h2>\n\n\n\n<p style=\"font-size:21px\">You can use my art as a profile picture\/banner,no need to ask me, just credit me! I do not make a ruckus about my art,you can use it to hone your skill,scream in my comments,show it to yours friends,it&rsquo;s okay as long you aren&rsquo;t doing bad stuff with it like art theft shit,or wanting to make a profit out of it.<br>As for the watermarks,unfortunaly i need to put one,this is how it goes.<br><\/p>\n\n\n\n<ul class=\"wp-block-list\" style=\"font-size:21px\"><li>Do not use my Sonas as your profile picture,they are representing me,not you.<\/li><li>Do not use and edit my art to put up as a banner for your own projects\/brand or making profit out of it.<\/li><li>Do not steal my art,that not bueno, amigo.<\/li><li>Do not trace my art<br><em>-If the tracing\/editing is the work of a kid that do not intend to profit from my art,refrain to hunt them,me too have done this with my favorite artist when i was young. In that case,crediting me is fine.<\/em><\/li><li>Do not repost my art<br>-Just come ask me for my permission,if i agree,everything will be fine<\/li><\/ul>\n\n\n\n<h2 class=\"wp-block-heading\" style=\"font-size:31px\">My Ocs<\/h2>\n\n\n\n<p style=\"font-size:21px\">I have many Ocs and i love them! Do not hesitate to tell me what you love about them too!<br>Go on,make fanarts of them,you can write things about them too,or even make memes about them.<br>Some of them are up on Artfight!<\/p>\n\n\n\n<ul class=\"wp-block-list\" style=\"font-size:21px\"><li>Do not use my characters for rp,it&rsquo;s rude yo.<\/li><li>Do not kin my characters.<br>-I am aware thoses kind of people exist,i just don&rsquo;t want anyone to come and tell me i make them uncomfortable because i decided to do something i want with my Ocs they disagree with. Like,wtf,no.<br>Same for people with comfort characters,my Ocs aren&rsquo;t yours,so refrain from doing this.<\/li><li>Do not ships your characters to any of mines.<\/li><li>I do not allow <strong>NSFW<\/strong>,I feel too uncomfortable about the idea of receiving art of that kind.<br><\/li><\/ul>\n\n\n\n<h2 class=\"wp-block-heading\" style=\"font-size:31px\">Fanarts<\/h2>\n\n\n\n<p style=\"font-size:21px\">Fanarts are always welcome!<br>They will be put into my Toyhouse with the appropriate credits and will be cherished until the day i die!<br><br><strong>Note:<\/strong> <br>Gore is fine,in case of doubts,just ask me!<\/p>\n\n\n\n<p class=\"has-text-align-center\"><br><\/p>\n\n\n\n<h2 class=\"wp-block-heading\" style=\"font-size:31px\">More infos<\/h2>\n\n\n\n<p style=\"font-size:21px\">At first,I was very socially anxious,but now I have a treatement for it,so i&rsquo;m now at ease socialy and no longer panic about human interractions.<br>So fortunatly you can come ask me if you are ever unsure about something unclear\/if there a problem.<br><br>You will find a lot of faults as i am dyslexic. As for misplaced letters,it&rsquo;s dysorthographia,on top of that,my attention span is shitty,so even if i read severals time my stuff before posting,some can be overlooked,so,do not be surprised!<\/p>\n\n\n\n<ul class=\"wp-block-list\" style=\"font-size:21px\"><li><strong>Art trades<\/strong><br>[CLOSED]<br><\/li><li><strong>Commissions<\/strong><br>Very anxious about them,will probably never open.<img decoding=\"async\" class=\"wp-image-724\" style=\"width:35px;\" src=\"http:\/\/localhost\/wordpress\/wp-content\/uploads\/2020\/09\/400007529_large.rtdxportraitspecial04.png.6f91b0019254889683438b4bc2d0cb3e.png\" alt=\"\"><br><\/li><li><strong>Requests<\/strong><br>I&rsquo;m too stressed for that too!&#8230;Oops.<br><\/li><li><strong>Custom trade<\/strong><br>[CLOSED]<\/li><\/ul>\n\n\n\n<p class=\"has-text-align-center\" style=\"font-size:21px\"><br><img decoding=\"async\" class=\"wp-image-1913\" style=\"width: 20px;\" src=\"http:\/\/localhost\/wordpress\/wp-content\/uploads\/2022\/06\/daw6yze-53e758dd-003d-4910-9b7c-311dbce53bba.gif\" alt=\"\"> Enjoy your stay here! <img decoding=\"async\" class=\"wp-image-1913\" style=\"width: 20px;\" src=\"http:\/\/localhost\/wordpress\/wp-content\/uploads\/2022\/06\/daw6yze-53e758dd-003d-4910-9b7c-311dbce53bba.gif\" alt=\"\"><\/p>\n\n\n<div class=\"wp-block-image\">\n<figure class=\"aligncenter size-full\"><img decoding=\"async\" src=\"http:\/\/localhost\/wordpress\/wp-content\/uploads\/2022\/06\/d6eul4c-f92afa6a-a3f9-45ec-9320-64851067ef12.gif\" alt=\"\" class=\"wp-image-1906\"\/><\/figure><\/div>\n\n\n<p class=\"has-text-align-center\" style=\"font-size:21px\"><strong>FR<\/strong><\/p>\n\n\n\n<p style=\"font-size:21px\"><strong>R\u00e8gles<\/strong><\/p>\n\n\n\n<p style=\"font-size:31px\"><strong>Mon art<\/strong> <\/p>\n\n\n\n<p style=\"font-size:21px\">Vous pouvez utiliser mon art comme photo de profil\/banni\u00e8re, pas besoin de me demander, il suffit de me cr\u00e9diter\u00a0! Je ne fais pas de chahut \u00e0 propos de mon art, vous pouvez l&rsquo;utiliser pour perfectionner vos comp\u00e9tences, hurler dans mes commentaires, le montrer \u00e0 vos amis, \u00e7a va tant que vous ne faites pas de conneries avec comme vol\u00e9 mes dessins, ou vouloir en tirer profit. En ce qui concerne les filigranes, malheureusement je dois en mettre un, c&rsquo;est comme \u00e7a que \u00e7a se passe ici.<\/p>\n\n\n\n<ul class=\"wp-block-list\" style=\"font-size:21px\"><li>N&rsquo;utilisez pas mes Sonas comme photo de profil, ils me repr\u00e9sentent, pas vous.<\/li><li>N&rsquo;utilisez pas et n&rsquo;\u00e9ditez pas mon art pour le mettre en place comme banni\u00e8re pour vos propres projets\/marque ou en tirer profit.<\/li><li>Ne volez pas mon art, no bueno, amigo.<\/li><li>Ne tracez pas mon art<br>-Si le tra\u00e7age\/montage est l\u2019\u0153uvre d&rsquo;un gamin qui n&rsquo;a pas l&rsquo;intention de profiter de mon art, abstenez vous de faire une chasse au sorci\u00e8re, moi aussi j&rsquo;ai fait \u00e7a avec mes artistes pr\u00e9f\u00e9r\u00e9 quand j&rsquo;\u00e9tais jeune. Dans ce cas, cr\u00e9ditez moi,sa ira.<\/li><li>Ne pas reposter mon art<br>-Venez juste me demander ma permission, si je suis d&rsquo;accord, tout ira bien<\/li><\/ul>\n\n\n\n<p style=\"font-size:31px\">Mes Ocs (Personnages)<\/p>\n\n\n\n<p style=\"font-size:21px\">J&rsquo;ai beaucoup d&rsquo;Ocs et je les adore ! N&rsquo;h\u00e9sitez pas \u00e0 me dire aussi ce que vous aimez chez eux ! Allez-y, faites-en des fanarts, vous pouvez aussi \u00e9crire des choses \u00e0 leur sujet, ou m\u00eame faire des m\u00e8mes. Certains d&rsquo;entre eux sont sur Artfight !<\/p>\n\n\n\n<ul class=\"wp-block-list\" style=\"font-size:21px\"><li>N&rsquo;utilisez pas mes personnages pour rp, c&rsquo;est grossier yo.<\/li><li>\u00ab\u00a0Kin\u00a0\u00bb mes personnages.<br>-Je suis conscient que ce genre de personnes existe, je ne veux juste pas que quelqu&rsquo;un vienne me dire que je les mets mal \u00e0 l&rsquo;aise parce que j&rsquo;ai d\u00e9cid\u00e9 de faire quelque chose que je veux avec mes Ocs avec lesquels ils ne sont pas d&rsquo;accord. Genre, s&rsquo;quoi s&rsquo;bordel? Non.<br>Pareil pour les personnes avec des personnages de confort, mes Ocs ne sont pas les v\u00f4tres, alors abstenez-vous de le faire.<\/li><li>Ne couplez pas (ship) vos personnages aux miens.<\/li><li>Je n&rsquo;autorise pas de <strong>NSFW<\/strong> (Art a caract\u00e8re sexuel), je me sens trop mal \u00e0 l&rsquo;aise \u00e0 l&rsquo;id\u00e9e de recevoir de l&rsquo;art de ce genre.<\/li><\/ul>\n\n\n\n<p style=\"font-size:31px\"><strong>Fanarts<\/strong><\/p>\n\n\n\n<p style=\"font-size:21px\">Les fanarts sont toujours les bienvenus ! <br>Ils seront plac\u00e9s dans ma Toyhouse avec les cr\u00e9dits appropri\u00e9s et seront ch\u00e9ris jusqu&rsquo;au jour de ma mort\u00a0! <br><br><strong>Note: <\/strong><br>Je suis ok pour du Gore, en cas de doute, demandez-moi !<\/p>\n\n\n\n<p style=\"font-size:31px\"><strong>Plus d&rsquo;informations<\/strong><\/p>\n\n\n\n<p style=\"font-size:21px\">Au d\u00e9but, j&rsquo;\u00e9tais tr\u00e8s anxieux socialement, mais maintenant j&rsquo;ai un traitement pour cela, donc je suis maintenant \u00e0 l&rsquo;aise socialement et je ne panique plus face \u00e0 l&rsquo;id\u00e9e d&rsquo;interagir avec un autre humain. <br>Donc, heureusement, vous pouvez venir me demander si jamais vous n&rsquo;\u00eates pas s\u00fbr de quelque chose qui n&rsquo;est pas clair\/s&rsquo;il y a un probl\u00e8me.<\/p>\n\n\n\n<p style=\"font-size:21px\">Vous trouverez beaucoup de fautes car je suis dyslexique. <br>Quant aux lettres mal plac\u00e9es, c&rsquo;est de la dysorthographie, en plus, mon attention est merdique, donc m\u00eame si je lis plusieurs fois mes trucs avant de poster, certains trucs peuvent passer \u00e0 la trappe, alors, ne soyez pas surpris !<\/p>\n\n\n\n<ul class=\"wp-block-list\" style=\"font-size:21px\"><li><strong>Art Trade (\u00c9change de dessins)<\/strong><br>[FERM\u00c9]<br><\/li><li><strong>Commissions<\/strong><br>Tr\u00e8s stresser \u00e0 ce sujet, n&rsquo;ouvrira probablement jamais.<img decoding=\"async\" class=\"wp-image-724\" style=\"width: 35px;\" src=\"http:\/\/localhost\/wordpress\/wp-content\/uploads\/2020\/09\/400007529_large.rtdxportraitspecial04.png.6f91b0019254889683438b4bc2d0cb3e.png\" alt=\"\"><br><\/li><li><strong>Requests (Demandes)<\/strong><br>Je suis trop stress\u00e9 pour \u00e7a aussi !\u2026 Oups.<br><\/li><li><strong>Custom Trade (Un \u00c9change d&rsquo;Oc customiser)<\/strong><br>[FERM\u00c9]<\/li><\/ul>\n\n\n\n<p class=\"has-text-align-center\" style=\"font-size:21px\"><img decoding=\"async\" class=\"wp-image-1913\" style=\"width: 20px;\" src=\"http:\/\/localhost\/wordpress\/wp-content\/uploads\/2022\/06\/daw6yze-53e758dd-003d-4910-9b7c-311dbce53bba.gif\" alt=\"\"> Bonne visite! <img decoding=\"async\" class=\"wp-image-1913\" style=\"width: 20px;\" src=\"http:\/\/localhost\/wordpress\/wp-content\/uploads\/2022\/06\/daw6yze-53e758dd-003d-4910-9b7c-311dbce53bba.gif\" alt=\"\"><\/p>\n","protected":false},"excerpt":{"rendered":"<p>My Art You can use my art as a profile picture\/banner,no need to ask me, just credit me! I do not make a ruckus about my art,you can use it to hone your skill,scream in my comments,show it to yours &hellip; <a href=\"https:\/\/dreamy-realms-kaborry.fr\/dreamyrealms\/rules\/\">Continuer la lecture <span class=\"meta-nav\">&rarr;<\/span><\/a><\/p>\n","protected":false},"author":1,"featured_media":0,"parent":0,"menu_order":0,"comment_status":"closed","ping_status":"closed","template":"","meta":{"footnotes":""},"class_list":["post-60","page","type-page","status-publish","hentry"],"_links":{"self":[{"href":"https:\/\/dreamy-realms-kaborry.fr\/dreamyrealms\/wp-json\/wp\/v2\/pages\/60","targetHints":{"allow":["GET"]}}],"collection":[{"href":"https:\/\/dreamy-realms-kaborry.fr\/dreamyrealms\/wp-json\/wp\/v2\/pages"}],"about":[{"href":"https:\/\/dreamy-realms-kaborry.fr\/dreamyrealms\/wp-json\/wp\/v2\/types\/page"}],"author":[{"embeddable":true,"href":"https:\/\/dreamy-realms-kaborry.fr\/dreamyrealms\/wp-json\/wp\/v2\/users\/1"}],"replies":[{"embeddable":true,"href":"https:\/\/dreamy-realms-kaborry.fr\/dreamyrealms\/wp-json\/wp\/v2\/comments?post=60"}],"version-history":[{"count":0,"href":"https:\/\/dreamy-realms-kaborry.fr\/dreamyrealms\/wp-json\/wp\/v2\/pages\/60\/revisions"}],"wp:attachment":[{"href":"https:\/\/dreamy-realms-kaborry.fr\/dreamyrealms\/wp-json\/wp\/v2\/media?parent=60"}],"curies":[{"name":"wp","href":"https:\/\/api.w.org\/{rel}","templated":true}]}}